e number?
True
Let t(l) = 3575*l**2 + 10*l - 38. Is t(3) a prime number?
False
Let g = 37 + -34. Let t(s) = 9*s**2 + s + 1. Is t(g) a composite number?
True
Suppose 7*w - 5*o + 27 = 5*w, -3*w - 27 = -3*o. Let t(h) = -83*h + 1. Is t(w) a prime number?
True
Let u be (2/2)/(4/(-52)). Let q(c) = -c**3 - 8*c**2 - 5*c - 9. Is q(u) composite?
True
Suppose 51*q = 41*q + 64010. Is q a composite number?
True
Let x(n) = 76*n**2 + 9*n - 21. Is x(-8) a prime number?
False
Is (-2)/(-16) + (-2337786)/(-176) composite?
True
Suppose -4*u = 5*g - 36, -3*g + u = -u - 4. Suppose x + 164 = -2*j, g*x + x = 20. Let f = -46 - j. Is f composite?
True
Let v = 5 + -8. Let h be -1 + 4 - (v + 10). Is ((-253)/h)/((-4)/(-16)) composite?
True
Let v(l) = -17*l - 12. Let f be v(9). Let h = 26 - f. Is h a prime number?
True
Let k(z) = 0 - z**2 + 2 - 6*z + 4*z**2. Suppose 0 = 3*f + 14 - 41. Is k(f) a composite number?
False
Is ((-1)/3)/((-43)/162411) composite?
False
Let l be (-4457)/(-13) + 2/13. Suppose 0 = -3*h + 4*h. Suppose h = 5*g - l - 232. Is g composite?
True
Let f be (8/10)/(8/40). Let o be (-105)/(-14)*f/6. Suppose -o*t + 0*t + 1195 = 0. Is t a prime number?
True
Let j be (-6)/12 + 2214/4. Suppose -j = -3*r + 2*r. Is r composite?
True
Let n(s) = -5*s**3 + 7*s**2 + 17*s + 1. Let z be n(-7). Let m = 2755 - z. Is m a composite number?
True
Let t = -29106 + 42697. Is t composite?
False
Suppose -2*w - 2*f + 14562 = -12044, 0 = -w + f + 13303. Is w a prime number?
False
Suppose 2*g + 816 = 3*p, -2*g = 2*p + p - 816. Suppose 0 = c + 2*c + u - p, -c + 84 = -u. Is c prime?
True
Let u(g) = 21*g**2 - 10*g + 27. Let o be u(8). Let i = o + -152. Is i a composite number?
True
Suppose -a + 3*o - 7 = 0, -3*o + o = -5*a + 4. Let p be 36 + a/(3 + -1). Suppose -b + p = -16. Is b a composite number?
False
Is 5/(-2)*((-31046)/10 - 11) prime?
True
Let s = 156692 + -49213. Is s a prime number?
False
Let y be 9/(-45) + 38/(-10). Is y/(-18) + 88990/90 a prime number?
False
Suppose -b = -3*g + 2, -5*g = 5*b - 0*g - 30. Suppose 4*a - 5*i - 14 = 30, 3*a - b*i = 34. Is a/(-4)*484/(-6) composite?
True
Let d = 1397 + 2930. Is d composite?
False
Suppose 5*f - 15 - 2419 = -3*x, -x + 830 = -3*f. Is x a composite number?
True
Suppose 44*o = 68*o - 1460856. Is o a prime number?
True
Let u = 16 + -26. Let p(r) = -4 - 10*r**2 + 1 - r**3 - 6 - 4*r. Is p(u) a composite number?
False
Suppose -17*c - 506 = -19*c. Is c a prime number?
False
Suppose -2*x + 14 = -12. Suppose 5*j + 2*d - 12 = x, 4*j - d - 7 = 0. Suppose 231 = j*w + 3*k, -4*k + 73 = w - k. Is w composite?
False
Let k be (-7)/(-2 - (-3 - -2))*1. Suppose 0 = -k*w + 1799 + 1568. Is w a composite number?
True
Let d(x) = 22*x**3 + x**2 + x - 1. Suppose 0 = y, 2*a - y + 34 = 4*a. Suppose 0 = 3*h - 0*h - 4*u + a, 0 = h - u + 4. Is d(h) a composite number?
False
Let a(c) = c**3 - 5*c**2 + c + 4. Let w be a(4). Is (14/w)/(-7)*764 composite?
False
Suppose -3*j + 0 = 2*o - 17, 0 = -5*j + 2*o + 23. Suppose -j*v = -v - 4, 9838 = 4*z + 2*v. Is z a prime number?
True
Suppose 3*c + 89 = 4*l, l + c = -l + 57. Let k be l/10 + 6/15. Suppose u = 2*w - 297, -k*w - u + 38 = -410. Is w a prime number?
True
Suppose -5 + 27 = 4*w - 3*t, -t = 2. Suppose l - 405 = 2*b, b = -l - w*l + 2003. Is l a prime number?
True
Is (-63)/(-105) - 352112/(-5) a prime number?
True
Is (-10)/4 - (-13795)/20*34 composite?
True
Suppose -8*n = -7*n + 730. Let u = 1718 + n. Is (-3)/9 - u/(-3) prime?
False
Suppose 2*b - 1 = 3*d, 5*b = -4*d + 3*b + 22. Suppose d*i + 2*v - 1495 = 0, -v - 4*v + 2490 = 5*i. Is i composite?
False
Let y = 7587 + -3638. Is y a prime number?
False
Let s(l) = -399*l**3 + 6*l**2 + 4*l - 2. Is s(-3) composite?
True
Is (-1940090)/(-90) - (-12)/27 a prime number?
True
Suppose h - 59*h = -1443562. Is h composite?
False
Suppose -5*n + 25 = -0*n, n + 33999 = 4*x. Is x a composite number?
False
Suppose 0 = -5*s + 276851 + 401694. Is s composite?
True
Suppose 60 = -6*k + 10*k. Is k + 8/(4 - 2) prime?
True
Let h(s) be the second derivative of -2*s**3/3 - 13*s**2 + 53*s - 1. Let m be ((-8)/3)/((-2)/(-9)). Is h(m) a prime number?
False
Let g(s) = 8*s**2 - 18*s - 357. Is g(-57) a composite number?
True
Let t(k) = -3*k + 24. Let r be t(6). Suppose 0 = -r*y + 10*y - 11292. Is y a prime number?
False
Let f(r) = -1292*r - 2. Let d be f(-1). Suppose 0 = w - 2*l + 430, -3*w - 3*l + 6*l - d = 0. Let z = w - -609. Is z a composite number?
False
Let u(z) = z**3 + 4*z**2 - 39*z - 52. Let n be u(-8). Let c(x) = 6 + 5 + 330*x - 2. Is c(n) a composite number?
True
Let b(r) = -2 + 2 - r + 4. Let d be b(-6). Suppose d + 36 = l. Is l a prime number?
False
Let r = -189 + 86. Let t = 63 - r. Suppose -n = -3*n + t. Is n a prime number?
True
Suppose -3*t + 3*w + 3 + 9 = 0, 0 = -2*w. Suppose 0 = 4*d + 2*v - 588, -5*d - t*v + 78 + 651 = 0. Is d a prime number?
True
Let x = 102091 - 59604. Is x a composite number?
False
Let n = 12310 + 6811. Is n a prime number?
True
Let g be -1*(0 - -4) + 1105. Is (g/(-4))/((-6)/88) a composite number?
True
Let n(g) = g + 10831. Is n(0) a composite number?
False
Let g(n) be the second derivative of n**4/4 - 4*n**3/3 - 12*n**2 - n. Suppose -26*l - 47 + 333 = 0. Is g(l) a composite number?
False
Let a = -4180 + 6359. Is a composite?
False
Suppose 3*l = m + 11431, -3*l - 4*m + 1386 = -10025. Is l prime?
False
Is 13065*(-11)/(-66) + 6/4 a prime number?
True
Let p be ((-3)/(-9))/((-1)/39). Let n = 13 + p. Suppose -2*b - 3*b + 2405 = n. Is b prime?
False
Let s(k) = k + 6 + 4*k**2 - 17 - 2*k + 0*k. Is s(6) a composite number?
False
Let s(j) = j**3 + j**2 - j + 3. Let v be s(-3). Let b(o) = o**2 - 15*o + 15. Let w be b(14). Let u = w - v. Is u composite?
False
Suppose 28*q - 27*q - 12 = 0. Is (0 + 2)*894/q a prime number?
True
Suppose u + 3*u + 8 = 0. Let i = 2 - u. Let p(n) = 5*n**2 - 3. Is p(i) a prime number?
False
Let r(u) = -u**3 - u**2 + 2*u + 2. Let a be r(-2). Suppose -a*n + 4*z + 594 = -z, -z = 4*n - 1144. Is n prime?
False
Suppose 8495 = c + 3*m, -18*c + 19*c - 4*m - 8509 = 0. Is c composite?
False
Suppose 0 = 2*w - o - 8405, 6*o - 8*o = 2*w - 8396. Is w a prime number?
True
Let h be (5 - (-4)/(-1)) + 887. Suppose -13*r + 5*r = -h. Is r a composite number?
True
Suppose 0 = -6*f + 5*f - 4. Let u = -26 + 20. Is (-198)/(-27)*u/f a composite number?
False
Let o be 2645/(3*4/24). Is 7/(175/o) + 3/(-5) a composite number?
False
Let h(s) = -s**3 + 10*s**2 + 9*s + 27. Let n be h(11). Suppose -2*t - 8837 = -3*d + 2*t, 4*d - 11781 = n*t. Is d prime?
True
Let q(x) = x**2 - 2*x + 1. Let m be q(1). Suppose 4*j + 2*u - 3*u - 2848 = m, 2*u - 8 = 0. Is j a prime number?
False
Let n = 37946 + -22135. Is n a composite number?
True
Let k = 1167 - 801. Suppose -3*m + k + 2652 = 0. Is m prime?
False
Suppose 5*c + 12 + 8 = 0. Let g be 8*(c/(-8) - 0). Is (1 - -54 - g)*1 a composite number?
True
Let p = 5610 + -2049. Is p a composite number?
True
Let h(g) = 32*g - 25. Suppose 2*w - w - 16 = 0. Is h(w) composite?
False
Let h(m) = 3769*m**2 - 6*m + 3. Is h(-2) composite?
False
Let n = -123 - -128. Suppose 3235 = -n*w + 23150. Is w a composite number?
True
Let c be (-8)/20*15/(-3). Let z(g) = 168*g**2 + 2*g + 3. Is z(c) composite?
True
Suppose 62 = o - 42. Suppose t - q = -34, q + o = -3*t + 3*q. Let z = t - -93. Is z a composite number?
True
Suppose 514 = 2*w - 3*z, 263 = w - 14*z + 11*z. Is w a prime number?
True
Let y(m) = 923*m**2 - 5*m - 37. Is y(-9) prime?
True
Suppose -4*t + 37 = 21. Suppose -429 = -d - 5*q, t*d - 3*q - 748 = 922. Is d composite?
False
Let r(g) = 49*g - 103. Is r(20) a composite number?
False
Let c = 3209 + -1699. Let r = 811 + c. Is r a composite number?
True
Suppose 3*o + 3*i = 4*i + 57708, 57705 = 3*o - 2*i. Is o a composite number?
False
Let i(a) = a**3 - 4*a**2 + 4. Let m be i(3). Let c(q) = -q + 2. Let l be c(m). Suppose -l*g + 248 = -3*g. Is g prime?
False
Suppose -3*u - u - 4*d + 21776 = 0, 25 = -5*d. Is u composite?
False
Let z(a) be the second derivative of -5/2*a**2 + 6*a + 1/4*a**4 + a**3 + 0. Is z(-8) composite?
False
Let g = -746 + 51. Let b = -202 - g. Is b prime?
False
Is (82313/(-14))/(-11)*2 prime?
True
Let c(x) = -x**3 + x**2 - x + 6. Let r be c(2). Suppose -k + 1065 = m, 3*k + m + m - 3191 = r. Is k composite?
False
Suppose -130*n + 140*n = 13990. I